{"id":145,"date":"2025-05-08T14:15:28","date_gmt":"2025-05-08T14:15:28","guid":{"rendered":"https:\/\/www.pudasjarvenpuutarha.fi\/?page_id=145"},"modified":"2025-05-08T14:15:35","modified_gmt":"2025-05-08T14:15:35","slug":"puut","status":"publish","type":"page","link":"https:\/\/www.pudasjarvenpuutarha.fi\/?page_id=145","title":{"rendered":"Puut"},"content":{"rendered":"\n<table id=\"tablepress-7\" class=\"tablepress tablepress-id-7\">\n<thead>\n<tr class=\"row-1\">\n\t<th class=\"column-1\">Nimi<\/th><th class=\"column-2\">Hinta<\/th>\n<\/tr>\n<\/thead>\n<tbody class=\"row-striping row-hover\">\n<tr class=\"row-2\">\n\t<td class=\"column-1\">Alppiruusu \"Haaga\"<\/td><td class=\"column-2\">41.50<\/td>\n<\/tr>\n<tr class=\"row-3\">\n\t<td class=\"column-1\">Alppiruusu Helsingin yliopisto vaaleanpunainen<\/td><td class=\"column-2\">41.50<\/td>\n<\/tr>\n<tr class=\"row-4\">\n\t<td class=\"column-1\">Kirsikkapuu \"Latvian matala\"<\/td><td class=\"column-2\">46.80<\/td>\n<\/tr>\n<tr class=\"row-5\">\n\t<td class=\"column-1\">Kirsikkapuu \"Pohjolan Helmi Schedraja\"<\/td><td class=\"column-2\">46.80<\/td>\n<\/tr>\n<tr class=\"row-6\">\n\t<td class=\"column-1\">Kirsikkapuu \"Suklaakirsikka\"<\/td><td class=\"column-2\">46.80<\/td>\n<\/tr>\n<tr class=\"row-7\">\n\t<td class=\"column-1\">Koristeomenapuu \"Dolgo\"<\/td><td class=\"column-2\">50.00<\/td>\n<\/tr>\n<tr class=\"row-8\">\n\t<td class=\"column-1\">Luumupuu \"Keltaluumu\"<\/td><td class=\"column-2\">57.20<\/td>\n<\/tr>\n<tr class=\"row-9\">\n\t<td class=\"column-1\">Luumupuu \"Sinikka\"<\/td><td class=\"column-2\">57.20<\/td>\n<\/tr>\n<tr class=\"row-10\">\n\t<td class=\"column-1\">Omenapuu \"Anna-Maija\"<\/td><td class=\"column-2\">41.50<\/td>\n<\/tr>\n<tr class=\"row-11\">\n\t<td class=\"column-1\">Omenapuu \"Borgovskoje\"<\/td><td class=\"column-2\">41.50<\/td>\n<\/tr>\n<tr class=\"row-12\">\n\t<td class=\"column-1\">Omenapuu \"Huvitus\"<\/td><td class=\"column-2\">41.50<\/td>\n<\/tr>\n<tr class=\"row-13\">\n\t<td class=\"column-1\">Omenapuu \"Kainuun kaunotar\"<\/td><td class=\"column-2\">41.50<\/td>\n<\/tr>\n<tr class=\"row-14\">\n\t<td class=\"column-1\">Omenapuu \"Lavia\"<\/td><td class=\"column-2\">41.50<\/td>\n<\/tr>\n<tr class=\"row-15\">\n\t<td class=\"column-1\">Omenapuu \"Norland\"<\/td><td class=\"column-2\">41.50<\/td>\n<\/tr>\n<tr class=\"row-16\">\n\t<td class=\"column-1\">Omenapuu \"Pirja\"<\/td><td class=\"column-2\">41.50<\/td>\n<\/tr>\n<tr class=\"row-17\">\n\t<td class=\"column-1\">Omenapuu \"Roosa\"<\/td><td class=\"column-2\">41.50<\/td>\n<\/tr>\n<tr class=\"row-18\">\n\t<td class=\"column-1\">Omenapuu \"Saarij\u00e4rven punainen\"<\/td><td class=\"column-2\">41.50<\/td>\n<\/tr>\n<tr class=\"row-19\">\n\t<td class=\"column-1\">Omenapuu \"Valkealan syys\"<\/td><td class=\"column-2\">41.50<\/td>\n<\/tr>\n<tr class=\"row-20\">\n\t<td class=\"column-1\">P\u00e4\u00e4ryn\u00e4puu \"Lada\"<\/td><td class=\"column-2\">46.80<\/td>\n<\/tr>\n<tr class=\"row-21\">\n\t<td class=\"column-1\">P\u00e4\u00e4ryn\u00e4puu \"Lel\"<\/td><td class=\"column-2\">46.80<\/td>\n<\/tr>\n<tr class=\"row-22\">\n\t<td class=\"column-1\">P\u00e4\u00e4ryn\u00e4puu \"Olga\"<\/td><td class=\"column-2\">46.80<\/td>\n<\/tr>\n<tr class=\"row-23\">\n\t<td class=\"column-1\">P\u00e4\u00e4ryn\u00e4puu \"Vekovaja\"<\/td><td class=\"column-2\">50.00<\/td>\n<\/tr>\n<tr class=\"row-24\">\n\t<td class=\"column-1\">Rautatienomenapuu<\/td><td class=\"column-2\">65.00<\/td>\n<\/tr>\n<\/tbody>\n<\/table>\n\n\n\n\n<p><\/p>\n","protected":false},"excerpt":{"rendered":"","protected":false},"author":1,"featured_media":0,"parent":0,"menu_order":0,"comment_status":"closed","ping_status":"closed","template":"","meta":{"footnotes":""},"class_list":["post-145","page","type-page","status-publish","hentry"],"_links":{"self":[{"href":"https:\/\/www.pudasjarvenpuutarha.fi\/index.php?rest_route=\/wp\/v2\/pages\/145","targetHints":{"allow":["GET"]}}],"collection":[{"href":"https:\/\/www.pudasjarvenpuutarha.fi\/index.php?rest_route=\/wp\/v2\/pages"}],"about":[{"href":"https:\/\/www.pudasjarvenpuutarha.fi\/index.php?rest_route=\/wp\/v2\/types\/page"}],"author":[{"embeddable":true,"href":"https:\/\/www.pudasjarvenpuutarha.fi\/index.php?rest_route=\/wp\/v2\/users\/1"}],"replies":[{"embeddable":true,"href":"https:\/\/www.pudasjarvenpuutarha.fi\/index.php?rest_route=%2Fwp%2Fv2%2Fcomments&post=145"}],"version-history":[{"count":3,"href":"https:\/\/www.pudasjarvenpuutarha.fi\/index.php?rest_route=\/wp\/v2\/pages\/145\/revisions"}],"predecessor-version":[{"id":502,"href":"https:\/\/www.pudasjarvenpuutarha.fi\/index.php?rest_route=\/wp\/v2\/pages\/145\/revisions\/502"}],"wp:attachment":[{"href":"https:\/\/www.pudasjarvenpuutarha.fi\/index.php?rest_route=%2Fwp%2Fv2%2Fmedia&parent=145"}],"curies":[{"name":"wp","href":"https:\/\/api.w.org\/{rel}","templated":true}]}}